
What is the thousands digit of 3492?
3
What is the thousands digit of 14414?
4
What is the units digit of 7954?
4
What is the hundreds digit of 1623?
6
What is the tens digit of 10659?
5
What is the units digit of 5712?
2
What is the tens digit of 1942?
4
What is the hundreds digit of 24940?
9
What is the units digit of 4441?
1
What is the thousands digit of 154293?
4
What is the thousands digit of 2834?
2
What is the thousands digit of 2818?
2
What is the units digit of 1545?
5
What is the hundred thousands digit of 136691?
1
What is the hundreds digit of 311?
3
What is the thousands digit of 3193?
3
What is the hundreds digit of 18364?
3
What is the units digit of 2108?
8
What is the hundreds digit of 3472?
4
What is the units digit of 2366?
6
What is the hundreds digit of 1065?
0
What is the units digit of 24461?
1
What is the units digit of 838?
8
What is the units digit of 91039?
9
What is the thousands digit of 1049?
1
What is the hundreds digit of 34512?
5
What is the tens digit of 85?
8
What is the thousands digit of 77322?
7
What is the hundreds digit of 86489?
4
What is the hundreds digit of 37301?
3
What is the units digit of 6?
6
What is the thousands digit of 32663?
2
What is the units digit of 2055?
5
What is the tens digit of 126221?
2
What is the units digit of 8876?
6
What is the tens digit of 8073?
7
What is the ten thousands digit of 40954?
4
What is the hundreds digit of 922?
9
What is the hundreds digit of 5703?
7
What is the thousands digit of 1241?
1
What is the tens digit of 47885?
8
What is the hundreds digit of 90345?
3
What is the tens digit of 47232?
3
What is the tens digit of 16615?
1
What is the hundreds digit of 706?
7
What is the hundreds digit of 54996?
9
What is the thousands digit of 2393?
2
What is the tens digit of 172643?
4
What is the thousands digit of 2367?
2
What is the thousands digit of 1266?
1
What is the thousands digit of 5204?
5
What is the hundreds digit of 132?
1
What is the hundreds digit of 327?
3
What is the hundreds digit of 63413?
4
What is the hundreds digit of 1821?
8
What is the hundreds digit of 4176?
1
What is the units digit of 2800?
0
What is the tens digit of 6478?
7
What is the units digit of 38199?
9
What is the thousands digit of 14168?
4
What is the tens digit of 1774?
7
What is the tens digit of 121?
2
What is the hundred thousands digit of 132150?
1
What is the thousands digit of 2783?
2
What is the hundreds digit of 1822?
8
What is the ten thousands digit of 42104?
4
What is the tens digit of 74742?
4
What is the units digit of 4683?
3
What is the ten thousands digit of 45215?
4
What is the hundreds digit of 649?
6
What is the units digit of 9142?
2
What is the tens digit of 21760?
6
What is the ten thousands digit of 59135?
5
What is the hundreds digit of 7213?
2
What is the ten thousands digit of 28747?
2
What is the tens digit of 16073?
7
What is the thousands digit of 54860?
4
What is the hundreds digit of 671?
6
What is the hundreds digit of 21803?
8
What is the units digit of 4069?
9
What is the thousands digit of 2922?
2
What is the tens digit of 2624?
2
What is the tens digit of 2095?
9
What is the tens digit of 19096?
9
What is the tens digit of 2111?
1
What is the units digit of 25?
5
What is the ten thousands digit of 25462?
2
What is the tens digit of 1080?
8
What is the tens digit of 4300?
0
What is the ten thousands digit of 148715?
4
What is the units digit of 486?
6
What is the ten thousands digit of 111616?
1
What is the tens digit of 930?
3
What is the hundreds digit of 472?
4
What is the hundreds digit of 8985?
9
What is the hundreds digit of 83623?
6
What is the hundreds digit of 14997?
9
What is the tens digit of 22396?
9
What is the thousands digit of 8207?
8
What is the tens digit of 146?
4
What is the units digit of 3099?
9
What is the units digit of 8569?
9
What is the tens digit of 22678?
7
What is the units digit of 7848?
8
What is the units digit of 2633?
3
What is the units digit of 356?
6
What is the tens digit of 7483?
8
What is the units digit of 1271?
1
What is the hundreds digit of 1569?
5
What is the units digit of 820?
0
What is the units digit of 99458?
8
What is the hundreds digit of 3176?
1
What is the thousands digit of 6707?
6
What is the hundreds digit of 2801?
8
What is the units digit of 65955?
5
What is the units digit of 2?
2
What is the tens digit of 4288?
8
What is the tens digit of 1137?
3
What is the thousands digit of 177455?
7
What is the thousands digit of 28780?
8
What is the units digit of 2184?
4
What is the hundreds digit of 4049?
0
What is the tens digit of 1428?
2
What is the thousands digit of 1240?
1
What is the units digit of 96?
6
What is the hundreds digit of 4258?
2
What is the tens digit of 14782?
8
What is the units digit of 11663?
3
What is the units digit of 860?
0
What is the hundreds digit of 12201?
2
What is the units digit of 215?
5
What is the ten thousands digit of 69273?
6
What is the thousands digit of 53217?
3
What is the thousands digit of 3012?
3
What is the thousands digit of 2857?
2
What is the tens digit of 33807?
0
What is the units digit of 7307?
7
What is the tens digit of 919?
1
What is the units digit of 77?
7
What is the units digit of 1540?
0
What is the thousands digit of 47583?
7
What is the tens digit of 414?
1
What is the units digit of 41975?
5
What is the hundreds digit of 7360?
3
What is the tens digit of 24965?
6
What is the units digit of 152222?
2
What is the thousands digit of 6704?
6
What is the hundreds digit of 67370?
3
What is the units digit of 1829?
9
What is the tens digit of 5176?
7
What is the units digit of 4467?
7
What is the hundreds digit of 56315?
3
What is the thousands digit of 8475?
8
What is the hundreds digit of 2256?
2
What is the thousands digit of 82271?
2
What is the ten thousands digit of 58871?
5
What is the thousands digit of 6029?
6
What is the units digit of 57812?
2
What is the hundreds digit of 7516?
5
What is the tens digit of 677?
7
What is the units digit of 3394?
4
What is the thousands digit of 1528?
1
What is the ten thousands digit of 13616?
1
What is the tens digit of 93640?
4
What is the units digit of 1157?
7
What is the ten thousands digit of 66334?
6
What is the units digit of 1213?
3
What is the units digit of 15644?
4
What is the units digit of 513?
3
What is the units digit of 8268?
8
What is the tens digit of 966?
6
What is the thousands digit of 32635?
2
What is the tens digit of 55361?
6
What is the units digit of 29860?
0
What is the hundreds digit of 438?
4
What is the thousands digit of 1942?
1
What is the units digit of 13175?
5
What is the units digit of 570?
0
What is the units digit of 9345?
5
What is the ten thousands digit of 25404?
2
What is the hundreds digit of 9799?
7
What is the tens digit of 1311?
1
What is the ten thousands digit of 13247?
1
What is the hundreds digit of 4417?
4
What is the units digit of 2827?
7
What is the hundreds digit of 665?
6
What is the units digit of 4319?
9
What is the tens digit of 1218?
1
What is the units digit of 6024?
4
What is the tens digit of 2722?
2
What is the units digit of 9038?
8
What is the thousands digit of 37652?
7
What is the tens digit of 4616?
1
What is the units digit of 1071?
1
What is the hundreds digit of 33176?
1
What is the hundreds digit of 113341?
3
What is the ten thousands digit of 22163?
2
What is the units digit of 10650?
0
What is the tens digit of 23960?
6
What is the units digit of 15824?
4
What is the tens digit of 3325?
2
What is the hundreds digit of 5834?
8
What is the hundreds digit of 527?
5
What is the units digit of 11086?
6
What is the hundreds digit of 9403?
4
What is the units digit of 15575?
5
What is the tens digit of 137404?
0
What is the units digit of 1628?
8
What is the units digit of 1440?
0
What is the hundreds digit of 1308?
3
What is the units digit of 3572?
2
What is the thousands digit of 4374?
4
What is the hundreds digit of 101667?
6
What is the units digit of 4054?
4
What is the units digit of 6407?
7
What is the hundreds digit of 84439?
4
What is the units digit of 809?
9
What is the units digit of 2250?
0
What is the ten thousands digit of 115700?
1
What is the hundreds digit of 2068?
0
What is the units digit of 782?